{"id":59,"date":"2015-02-15T20:51:02","date_gmt":"2015-02-15T18:51:02","guid":{"rendered":"http:\/\/www.psychotherapeutin-kip.at\/index.php\/?page_id=59"},"modified":"2025-11-02T22:36:53","modified_gmt":"2025-11-02T20:36:53","slug":"wie","status":"publish","type":"page","link":"https:\/\/www.psychotherapeutin-kip.at\/?page_id=59","title":{"rendered":"Wie"},"content":{"rendered":"\n<div class=\"wp-block-group\"><div class=\"wp-block-group__inner-container is-layout-flow wp-block-group-is-layout-flow\">\n<h2 class=\"wp-block-heading has-text-align-center\" id=\"methode\">Methode<\/h2>\n\n\n\n<div style=\"height:70px\" aria-hidden=\"true\" class=\"wp-block-spacer\"><\/div>\n<\/div><\/div>\n\n\n\n<p class=\"has-medium-font-size\">Ich arbeite mit der Methode der <strong>Katathym Imaginativen Psychotherapie<\/strong> (KIP). Das ist eine in \u00d6sterreich gesetzlich anerkannte Behandlungsmethode und geh\u00f6rt zur tiefenpsychologisch-psychodynamischen Fachrichtung. Dabei gehen wir davon aus, dass es nicht nur mit unseren Mitmenschen sondern auch in uns selbst Konflikte gibt, die bewusst oder unbewusst sein k\u00f6nnen. Diese Konflikte zu verstehen und zu l\u00f6sen geh\u00f6rt zur Aufgabe der Psychotherapie.<\/p>\n\n\n\n<hr class=\"wp-block-separator has-text-color has-accent-color has-alpha-channel-opacity has-accent-background-color has-background\"\/>\n\n\n\n<div style=\"height:70px\" aria-hidden=\"true\" class=\"wp-block-spacer\"><\/div>\n\n\n\n<p class=\"has-medium-font-size\">Das Gespr\u00e4ch ist ganz zentral in der KIP, wie in den meisten Psychotherapierichtungen. Zus\u00e4tzlich arbeiten wir aber auch mit Bildern. Das ist aus vielen Gr\u00fcnden hilfreich: Zum einen \u201edenkt\u201c die Seele in Bildern, wie man es im Traum immer wieder erf\u00e4hrt. Zum anderen k\u00f6nnen Bilder und Symbole sehr treffend und komplex zugleich sein. Neue Aspekte einer Situation oder auch L\u00f6sungsm\u00f6glichkeiten tauchen auf. Dabei k\u00f6nnen die eigenen Ressourcen wiederentdeckt und neue Wege gefunden werden.<\/p>\n\n\n\n<div style=\"height:70px\" aria-hidden=\"true\" class=\"wp-block-spacer\"><\/div>\n\n\n\n<figure class=\"wp-block-gallery has-nested-images columns-default is-cropped wp-block-gallery-1 is-layout-flex wp-block-gallery-is-layout-flex\"><div class=\"wp-block-image\">\n<figure class=\"aligncenter size-large\"><a href=\"https:\/\/www.psychotherapeutin-kip.at\/wp-content\/uploads\/2023\/11\/20200801_153928-scaled.jpg\"><img loading=\"lazy\" decoding=\"async\" width=\"1024\" height=\"768\" data-id=\"8800\" src=\"https:\/\/www.psychotherapeutin-kip.at\/wp-content\/uploads\/2023\/11\/20200801_153928-1024x768.jpg\" alt=\"\" class=\"wp-image-8800\" srcset=\"https:\/\/www.psychotherapeutin-kip.at\/wp-content\/uploads\/2023\/11\/20200801_153928-1024x768.jpg 1024w, https:\/\/www.psychotherapeutin-kip.at\/wp-content\/uploads\/2023\/11\/20200801_153928-300x225.jpg 300w, https:\/\/www.psychotherapeutin-kip.at\/wp-content\/uploads\/2023\/11\/20200801_153928-768x576.jpg 768w, https:\/\/www.psychotherapeutin-kip.at\/wp-content\/uploads\/2023\/11\/20200801_153928-1536x1152.jpg 1536w, https:\/\/www.psychotherapeutin-kip.at\/wp-content\/uploads\/2023\/11\/20200801_153928-2048x1536.jpg 2048w\" sizes=\"auto, (max-width: 1024px) 100vw, 1024px\" \/><\/a><\/figure><\/div><\/figure>\n\n\n\n<div style=\"height:70px\" aria-hidden=\"true\" class=\"wp-block-spacer\"><\/div>\n","protected":false},"excerpt":{"rendered":"<p>Methode Ich arbeite mit der Methode der Katathym Imaginativen Psychotherapie (KIP). Das ist eine in \u00d6sterreich gesetzlich anerkannte Behandlungsmethode und geh\u00f6rt zur tiefenpsychologisch-psychodynamischen Fachrichtung. Dabei gehen wir davon aus, dass es nicht nur mit unseren Mitmenschen sondern auch in uns selbst Konflikte gibt, die bewusst oder unbewusst sein k\u00f6nnen. Diese [&hellip;]<\/p>\n","protected":false},"author":1,"featured_media":0,"parent":0,"menu_order":3,"comment_status":"closed","ping_status":"open","template":"","meta":{"footnotes":""},"class_list":["post-59","page","type-page","status-publish","hentry"],"_links":{"self":[{"href":"https:\/\/www.psychotherapeutin-kip.at\/index.php?rest_route=\/wp\/v2\/pages\/59","targetHints":{"allow":["GET"]}}],"collection":[{"href":"https:\/\/www.psychotherapeutin-kip.at\/index.php?rest_route=\/wp\/v2\/pages"}],"about":[{"href":"https:\/\/www.psychotherapeutin-kip.at\/index.php?rest_route=\/wp\/v2\/types\/page"}],"author":[{"embeddable":true,"href":"https:\/\/www.psychotherapeutin-kip.at\/index.php?rest_route=\/wp\/v2\/users\/1"}],"replies":[{"embeddable":true,"href":"https:\/\/www.psychotherapeutin-kip.at\/index.php?rest_route=%2Fwp%2Fv2%2Fcomments&post=59"}],"version-history":[{"count":33,"href":"https:\/\/www.psychotherapeutin-kip.at\/index.php?rest_route=\/wp\/v2\/pages\/59\/revisions"}],"predecessor-version":[{"id":8836,"href":"https:\/\/www.psychotherapeutin-kip.at\/index.php?rest_route=\/wp\/v2\/pages\/59\/revisions\/8836"}],"wp:attachment":[{"href":"https:\/\/www.psychotherapeutin-kip.at\/index.php?rest_route=%2Fwp%2Fv2%2Fmedia&parent=59"}],"curies":[{"name":"wp","href":"https:\/\/api.w.org\/{rel}","templated":true}]}}